{"id":10,"date":"2024-02-14T22:18:45","date_gmt":"2024-02-14T22:18:45","guid":{"rendered":"https:\/\/demoblog.doczekal.net\/?page_id=10"},"modified":"2024-02-14T23:03:00","modified_gmt":"2024-02-14T23:03:00","slug":"be-pin-posts","status":"publish","type":"page","link":"https:\/\/blog.stl.at\/","title":{"rendered":"Pin Posts"},"content":{"rendered":"            <p>It seems there is not any post added into Read Later list.<\/p>\n        \n\n\n<h3 class=\"wp-block-heading\"><strong><em>Schweisstechnik Lambach<\/em><\/strong><\/h3>\n\n\n\n<p>Schwei\u00dfen ist ein spannender und herausfordernder Job. Neben handwerklicher Geschicklichkeit ben\u00f6tigen Schwei\u00dferinnen und Schwei\u00dfer ein umfassendes Wissen von der Wahl der richtigen Schweissger\u00e4te und Zusatzwerkstoffe.\u00a0Wir\u00a0unterst\u00fctzen Sie und helfen\u00a0Ihnen\u00a0bei der Planung und Umsetzung und stehen\u00a0Ihnen\u00a0mit Rat und Tat\u00a0zur Seite. Euer Schweisstechnik Lambach Team<\/p>\n\n\n\n<hr class=\"wp-block-separator has-alpha-channel-opacity\"\/>\n","protected":false},"excerpt":{"rendered":"<p>Schweisstechnik Lambach Schwei\u00dfen ist ein spannender und herausfordernder Job. Neben handwerklicher Geschicklichkeit ben\u00f6tigen Schwei\u00dferinnen und Schwei\u00dfer ein umfassendes Wissen von der Wahl der richtigen Schweissger\u00e4te und Zusatzwerkstoffe.\u00a0Wir\u00a0unterst\u00fctzen Sie und helfen\u00a0Ihnen\u00a0bei der Planung und Umsetzung und stehen\u00a0Ihnen\u00a0mit Rat und Tat\u00a0zur Seite. Euer Schweisstechnik Lambach Team<\/p>\n","protected":false},"author":1,"featured_media":0,"parent":0,"menu_order":0,"comment_status":"closed","ping_status":"closed","template":"","meta":{"footnotes":""},"class_list":["post-10","page","type-page","status-publish","hentry"],"_links":{"self":[{"href":"https:\/\/blog.stl.at\/index.php?rest_route=\/wp\/v2\/pages\/10","targetHints":{"allow":["GET"]}}],"collection":[{"href":"https:\/\/blog.stl.at\/index.php?rest_route=\/wp\/v2\/pages"}],"about":[{"href":"https:\/\/blog.stl.at\/index.php?rest_route=\/wp\/v2\/types\/page"}],"author":[{"embeddable":true,"href":"https:\/\/blog.stl.at\/index.php?rest_route=\/wp\/v2\/users\/1"}],"replies":[{"embeddable":true,"href":"https:\/\/blog.stl.at\/index.php?rest_route=%2Fwp%2Fv2%2Fcomments&post=10"}],"version-history":[{"count":1,"href":"https:\/\/blog.stl.at\/index.php?rest_route=\/wp\/v2\/pages\/10\/revisions"}],"predecessor-version":[{"id":35,"href":"https:\/\/blog.stl.at\/index.php?rest_route=\/wp\/v2\/pages\/10\/revisions\/35"}],"wp:attachment":[{"href":"https:\/\/blog.stl.at\/index.php?rest_route=%2Fwp%2Fv2%2Fmedia&parent=10"}],"curies":[{"name":"wp","href":"https:\/\/api.w.org\/{rel}","templated":true}]}}